?
-18
Let s(c) = -55*c**3 + c**2 + c - 2. Calculate s(-1).
53
Let w(h) = -h**2 + 9*h - 6. Give w(9).
-6
Let k(u) = -u**3 + 3*u**2 + 2*u + 4. Determine k(3).
10
Let o(c) = c**3 + 3*c**2 - 5*c - 2. What is o(-3)?
13
Let j(s) = s - 54. What is j(0)?
-54
Let w(k) = -k**3 - 4*k**2 + 3*k - 6. What is w(-5)?
4
Let o(w) = -6*w**3 + 3*w**2 - w + 1. Determine o(2).
-37
Let s(y) = 15*y**2 + y + 1. Determine s(-2).
59
Let h(q) = -q**3 + 5*q**2 + q - 15. Determine h(3).
6
Let p(o) = 8*o**2 + 4*o + 7. Calculate p(-2).
31
Let p(t) = t**2 - 11*t + 8. What is p(7)?
-20
Let h(b) = -29*b + 159. Calculate h(6).
-15
Let x(k) = k**2 - 8*k + 4. Determine x(11).
37
Let s(i) = -i**3 + 8*i**2 + 4*i. Determine s(7).
77
Let p(s) = -s**3 + 6*s**2 - 10*s + 3. Give p(4).
-5
Let s(k) = -k**3 + 6*k**2 - k - 4. Give s(6).
-10
Let j(x) = 13*x + 58. Calculate j(-5).
-7
Let c(v) = 7*v**2 + 7*v + 2. What is c(-2)?
16
Let a(x) = -27*x + 125. Give a(5).
-10
Let i(t) = -t**3 - 8*t**2 + 10*t + 9. Give i(-8).
-71
Let t(y) = -8*y - 2. What is t(1)?
-10
Let r(k) = k + 48. Determine r(-11).
37
Let l(p) = 5*p + 4. What is l(-11)?
-51
Let l(p) = -p**3 + 27*p**2 - 26*p + 2. What is l(26)?
2
Let w(t) = t**2 - 33*t + 3. Calculate w(33).
3
Let v(l) = l**2 - 5*l + 5. Calculate v(8).
29
Let y(b) = -b**2 + 7*b - 7. What is y(7)?
-7
Let k(x) = -x**2 + 5*x - 12. Give k(3).
-6
Let l(q) = -q**3 - 3*q + 4. What is l(-3)?
40
Let f(r) = -18*r**2 + r. Calculate f(-1).
-19
Let x(n) = 6*n**2 + 1. Determine x(2).
25
Let h(n) = -n - 4. Give h(-2).
-2
Let u(c) = c**2 - 18*c + 40. What is u(13)?
-25
Let b(g) = -g**2 + 9*g - 4. What is b(8)?
4
Let t(y) = 4*y + 6. Calculate t(-4).
-10
Let i(d) = 2*d**3 - 9*d**2 - 16*d - 8. What is i(6)?
4
Let x(m) = 7*m + 63. Determine x(-8).
7
Let k(p) = 4*p - 12. Calculate k(4).
4
Let l(v) = v**2 - 10*v + 12. What is l(5)?
-13
Let j(a) = 4*a - 10. Calculate j(-9).
-46
Let c(v) = v**3 - 19*v**2 + 27*v - 1. What is c(18)?
161
Let p(o) = -2*o**2 + 10*o - 8. What is p(6)?
-20
Let l(j) = -2*j + 24. What is l(10)?
4
Let u(v) = -v**2 - 5*v + 1. Give u(2).
-13
Let a(s) = -4*s**2 - 17*s - 7. What is a(-4)?
-3
Let j(q) = 2*q**3 - 7*q**2 + 11*q - 29. Calculate j(4).
31
Let l(w) = -2*w**2 - 11*w + 4. Give l(-8).
-36
Let z(t) = 3*t + 23. Determine z(-2).
17
Let b(k) = -k**3 - 12*k**2 + 15*k + 13. What is b(-13)?
-13
Let d(a) = 3*a**3 + 2*a**2 + 12*a + 26. Determine d(-2).
-14
Let v(l) = -l**2 + 8*l - 1. What is v(6)?
11
Let f(r) = r + 6. Determine f(-13).
-7
Let h(r) = -2*r + 8. Give h(16).
-24
Let k(q) = -2*q - 5. Calculate k(-2).
-1
Let g(f) = -3*f**2 - 20*f - 25. What is g(-5)?
0
Let c(s) = s**2 - 15*s + 6. Determine c(7).
-50
Let g(n) = -5*n - 7. Determine g(8).
-47
Let q(l) = -l**3 + 6*l**2 + 7*l - 2. What is q(7)?
-2
Let i(l) = -5*l - 13. What is i(-7)?
22
Let r(d) = 3*d + 9. Calculate r(-5).
-6
Let j(c) = c**2 + 10*c - 10. Calculate j(-8).
-26
Let o(l) = l**2 + 7*l - 5. Give o(-7).
-5
Let m(x) = 14*x**3 - x**2 + 1. Calculate m(1).
14
Let r(w) = w**2 - 19*w - 29. Give r(20).
-9
Let l(m) = m**2 - 2*m - 18. Determine l(6).
6
Let s(x) = 33*x - 162. Give s(6).
36
Let z(p) = -p**3 - 6*p**2 - 4*p + 2. What is z(-6)?
26
Let b(v) = -v**3 - 7*v**2 + 6*v + 5. Determine b(-8).
21
Let k(b) = -30*b + 217. Determine k(7).
7
Let t(h) = -h**3 + 31*h**2 - 59*h + 37. What is t(29)?
8
Let g(r) = -4*r + 5. Give g(1).
1
Let x(t) = -t**3 + 5*t**2 + 5*t. Give x(4).
36
Let r(i) = 3*i**2 - 25*i - 13. What is r(8)?
-21
Let d(o) = 2*o + 17. Give d(-6).
5
Let k(c) = -5*c - 58. Give k(-13).
7
Let f(w) = w + 10. Give f(0).
10
Let r(n) = n**3 - 5*n**2 + 8*n + 6. Determine r(4).
22
Let y(l) = l**3 + 12*l**2 - 30*l - 25. What is y(-14)?
3
Let p(q) = 2*q**2 + 46*q - 83. Determine p(-25).
17
Let u(m) = 2*m - 12. Determine u(11).
10
Let p(t) = -3*t - 40. Calculate p(-10).
-10
Let z(c) = c + 8. What is z(-3)?
5
Let k(l) = l**3 - 6*l**2 + 11*l - 5. Determine k(5).
25
Let s(g) = -g**3 + 4*g**2 + 17. Calculate s(4).
17
Let s(t) = -35*t**2 + 26*t + 28. Determine s(-1).
-33
Let z(y) = 41*y + 208. Calculate z(-5).
3
Let g(h) = h**2 - 25*h + 91. Give g(5).
-9
Let o(p) = -p**2 - 3*p + 9. What is o(-4)?
5
Let s(j) = -j**3 - 6*j**2 + 9*j + 1. Calculate s(-7).
-13
Let k(t) = -13*t - 18. Calculate k(-3).
21
Let k(d) = d**2 + 5*d - 28. What is k(-7)?
-14
Let o(s) = s**2 - 48*s + 361. What is o(38)?
-19
Let p(i) = i**2 + 5*i - 3. Determine p(6).
63
Let g(y) = 6*y - 2. Calculate g(4).
22
Let z(f) = f**2 - f - 206. Determine z(0).
-206
Let z(c) = 4*c + 5. Calculate z(-14).
-51
Let s(y) = y**3 - 8*y**2 + 7*y - 7. What is s(7)?
-7
Let g(q) = q**3 - 13*q**2 + 19*q + 21. Give g(11).
-12
Let p(h) = h**3 + 3*h**2 - 3*h - 5. Calculate p(-3).
4
Let v(u) = -u + 2. Calculate v(6).
-4
Let d(f) = 2*f - 5. Determine d(7).
9
Let y(w) = w**3 + 14*w**2 - w - 13. What is y(-14)?
1
Let q(c) = -2*c + 1. Determine q(-4).
9
Let p(i) = i**2 + 24*i - 19. Determine p(-25).
6
Let m(n) = n**2 - 22*n + 37. Give m(20).
-3
Let q(b) = b**2 - 22*b + 86. Determine q(6).
-10
Let y(v) = v**2 + 3*v - 7. Give y(4).
21
Let j(r) = -13*r + 159. Give j(13).
-10
Let v(n) = -n**2 - 5*n + 13. What is v(-8)?
-11
Let y(n) = n**3 + 9*n**2 + n + 24. Calculate y(-10).
-86
Let p(x) = -x**2 - 8*x - 15. Calculate p(-6).
-3
Let w(r) = 13*r + 25. What is w(6)?
103
Let l(n) = -4*n**2 - 5*n - 3. Give l(-3).
-24
Let h(x) = -12*x - 11. What is h(-7)?
73
Let g(q) = 2*q**2 + q + 3. Give g(-4).
31
Let q(j) = 6*j + 2. Determine q(6).
38
Let q(g) = -g**3 + 5*g**2 + 2*g - 4. What is q(5)?
6
Let q(p) = 4*p**3 + p**2 + 5*p - 7. Calculate q(1).
3
Let o(r) = r - 3. Calculate o(1).
-2
Let j(x) = 2*x**3 - x**2 + 1. Calculate j(1).
2
Let n(r) = r**3 - 12. Calculate n(0).
-12
Let k(t) = 6*t + 204. Calculate k(-33).
6
Let o(r) = r**2 + 39*r - 18. Calculate o(-39).
-18
Let f(j) = -j**3 - 13*j**2 - 11*j - 39. Give f(-12).
-51
Let i(l) = 2*l**2 - 28*l - 67. What is i(16)?
-3
Let c(h) = -16*h + 32. Calculate c(5).
-48
Let l(i) = -i**3 + 3*i**2 + 14*i - 15. Determine l(5).
5
Let f(o) = 9*o - 4. Determine f(-3).
-31
Let m(y) = -6*y - 64. Determine m(-11).
2
Let s(b) = 2*b + 6. Determine s(-5).
-4
Let k(h) = -6*h + 2. Give k(7).
-40
Let c(b) = -b**3 + 3. Give c(-4).
67
Let u(i) = 2*i**2 - 18*i - 24. Give u(10).
-4
Let n(y) = -24*y**3 - 2*y**2 + y + 1. Give n(-1).
22
Let f(q) = -2*q**2 + 16*q - 13. Calculate f(7).
1
Let j(z) = -5*z**3 - 4*z**2 - 2*z - 8. Determine j(-3).
97
Let v(h) = -h**3 - 31*h**2 - 36*h - 198. Determine v(-30).
-18
Let g(a) = -a**3 - 3*a**2 + 9*a + 1. What is g(-5)?
6
Let s(n) = -2*n**2 - 7*n + 6. Calculate s(3).
-33
Let u(i) = -i**2 - 4*i - 7. Calculate u(-3).
-4
Let x(c) = c**2 - 4*c + 4. Determine x(4).
4
Let k(v) = v**3 + 4*v**2 + 5*v + 6. Determine k(-4).
-14
Let j(r) = -r**2 - 8*r - 8. Determine j(-8).
-8
Let g(u) = -u**3 - 5*u**2 + u - 4. Determine g(-6).
26
Let d(v) = -v**3 - 16*v**2 + 2*v + 25. Determine d(-16).
-7
Let l(g) = g**3 + 8*g**2 - 8*g + 4. Calculate l(-10).
-116
Let j(a) = -20*a - 1. What is j(-1)?
19
Let u(l) = -l**3 + 2*l**2 - 3*l. Determine u(2).
-6
Let a(h) = -18*h + 28. What is a(3)?
-26
Let x(a) = a**3 - 22*a**2 - 18. What is x(22)?
-18
Let p(h) = 3*h - 61. What is p(20)?
-1
Let o(i) = i + 3. Determine o(-17).
-14
Let x(q) = -30*q - 168. Give x(-5).
-18
Let q(p) = -p**3 - 16*p**2 + p - 1. Calculate q(-16).
-17
Let q(f) = -f**2 + 5*f - 4. Determine q(5).
-4
Let z(w) = -w**3 + 5*w**2 - 3*w - 1. Determine z(5).
-16
Let a(o) = o**2 - 13*o + 5. What is a(5)?
-35
Let d(s) = -s**2 - 4*s + 31. Give d(-7).
10
Let x(h) = -h**3 + 4*h**2 + 13*h - 2. Calculate x(6).
4
Let x(z) = -z**3 - 8*z**2 - 2*z + 5. What is x(-8)?
21
Let c(i) = -i**3 - 6*i**2 - 3*i + 7. What is c(-5)?
-3
Let l(h) = -5*h + 1. Determine l(5).
-24
Let w(i) = -i + 41. Give w(16).
25
Let p(w) = -25*w**2. Calculate p(-1).
-25
Let i(a) = a**2 - 3*a - 10. Calculate i(0).
-10
Let p(k) = -k**3 + 7*k**2 + 6*k + 4. What is p(8)?
-12
Let d(k) = k**3 - 6*k**2 + 2*k + 13. What is d(6)?
25
Let a(m) = -m**3 + 14*m**2 - 13*m - 9. What is a(13)?
-9
Let n(y) = -17*y + 2. Give n(-1).
19
Let h(d) = d - 10. Determine h(10).
0
Let d(k) = -2*k**2 - 18*k - 24. Calculate d(-8).
-8
Let q(u) = -5*u**3 - u**2 + 5*u + 4. Calculate q(-1).
3
Let i(q) = 3*q - 70. Give i(22).
-4
Let b(x) = x**3 - 4*x**2 + 8*x - 44. Calculate b(6).
76
Let m